{"id":1397,"date":"2019-07-23T14:40:40","date_gmt":"2019-07-23T20:40:40","guid":{"rendered":"https:\/\/www.yaxcloud.net\/?page_id=1397"},"modified":"2026-03-30T18:48:06","modified_gmt":"2026-03-31T00:48:06","slug":"que-es-yax-cloud","status":"publish","type":"page","link":"https:\/\/www.yaxcloud.net\/","title":{"rendered":"\u00bfQu\u00e9 es Yax Cloud?"},"content":{"rendered":"<p>Somos un centro de datos empresarial capaz de\ncumplir con una <strong>disponibilidad de 99.9% de servicio<\/strong> y altos est\u00e1ndares\nde seguridad.<\/p><p>El centro de datos YAXCLOUD est\u00e1 dise\u00f1ado para\nbrindar servicio de hosting, almacenar, respaldar, procesar la informaci\u00f3n de\ntu empresa, con el objetivo de coadyuvar al crecimiento de tu negocio.<\/p><h3 class=\"wp-block-heading\"><strong>Unimos la innovaci\u00f3n con la\nexperiencia<\/strong><\/h3><p>Nace como una evoluci\u00f3n de los servicios de hosting de correo y web que han sido ofertados por un equipo de expertos con m\u00e1s de 25 a\u00f1os en el mercado de TI, al proyecto se sum\u00f3 inversi\u00f3n y se integr\u00f3 un equipo de socios tecnol\u00f3gicos y desarrollo de habilidades.<\/p><p>As\u00ed inicia YAXCLOUD que permite ofrecer\nservicios profesionales de alta calidad y competitivos en el mercado local y\nnacional.<\/p><p style=\"text-align:left\"><strong>Somos la opci\u00f3n para que tu empresa d\u00e9 el siguiente paso y migre a la nube.<\/strong><\/p>","protected":false},"excerpt":{"rendered":"<p>Somos un centro de datos empresarial capaz de cumplir con una disponibilidad de 99.9% de servicio y altos ...<\/p>","protected":false},"author":1,"featured_media":0,"parent":0,"menu_order":0,"comment_status":"closed","ping_status":"closed","template":"","meta":{"_themeisle_gutenberg_block_has_review":false,"footnotes":""},"class_list":["post-1397","page","type-page","status-publish","hentry"],"jetpack_sharing_enabled":true,"_links":{"self":[{"href":"https:\/\/www.yaxcloud.net\/index.php\/wp-json\/wp\/v2\/pages\/1397","targetHints":{"allow":["GET"]}}],"collection":[{"href":"https:\/\/www.yaxcloud.net\/index.php\/wp-json\/wp\/v2\/pages"}],"about":[{"href":"https:\/\/www.yaxcloud.net\/index.php\/wp-json\/wp\/v2\/types\/page"}],"author":[{"embeddable":true,"href":"https:\/\/www.yaxcloud.net\/index.php\/wp-json\/wp\/v2\/users\/1"}],"replies":[{"embeddable":true,"href":"https:\/\/www.yaxcloud.net\/index.php\/wp-json\/wp\/v2\/comments?post=1397"}],"version-history":[{"count":3,"href":"https:\/\/www.yaxcloud.net\/index.php\/wp-json\/wp\/v2\/pages\/1397\/revisions"}],"predecessor-version":[{"id":17931,"href":"https:\/\/www.yaxcloud.net\/index.php\/wp-json\/wp\/v2\/pages\/1397\/revisions\/17931"}],"wp:attachment":[{"href":"https:\/\/www.yaxcloud.net\/index.php\/wp-json\/wp\/v2\/media?parent=1397"}],"curies":[{"name":"wp","href":"https:\/\/api.w.org\/{rel}","templated":true}]}}