{"id":519,"date":"2019-06-21T09:20:02","date_gmt":"2019-06-21T15:20:02","guid":{"rendered":"https:\/\/www.yaxcloud.net\/?post_type=product&#038;p=519"},"modified":"2025-06-03T09:07:01","modified_gmt":"2025-06-03T15:07:01","slug":"addon-10gb-de-espacio-en-disco-duro","status":"publish","type":"product","link":"https:\/\/www.yaxcloud.net\/index.php\/product\/addon-10gb-de-espacio-en-disco-duro\/","title":{"rendered":"A\u00f1ade: 10Gb de espacio en Disco Duro"},"content":{"rendered":"<p>A\u00f1ade m\u00e1s espacio en disco duro,\u00a0 a tu plan de hosting web.<\/p>\n","protected":false},"excerpt":{"rendered":"<p>A\u00f1ade m\u00e1s espacio en disco duro,\u00a0 a tu plan de hosting web.<\/p>","protected":false},"featured_media":3418,"comment_status":"open","ping_status":"closed","template":"","meta":{"_themeisle_gutenberg_block_has_review":false},"product_brand":[],"product_cat":[39],"product_tag":[70,33,17],"class_list":{"0":"post-519","1":"product","2":"type-product","3":"status-publish","4":"has-post-thumbnail","6":"product_cat-addons-hosting","7":"product_tag-addons","8":"product_tag-cpanel","9":"product_tag-hosting","11":"first","12":"instock","13":"virtual","14":"purchasable","15":"product-type-simple"},"jetpack_sharing_enabled":true,"_links":{"self":[{"href":"https:\/\/www.yaxcloud.net\/index.php\/wp-json\/wp\/v2\/product\/519","targetHints":{"allow":["GET"]}}],"collection":[{"href":"https:\/\/www.yaxcloud.net\/index.php\/wp-json\/wp\/v2\/product"}],"about":[{"href":"https:\/\/www.yaxcloud.net\/index.php\/wp-json\/wp\/v2\/types\/product"}],"replies":[{"embeddable":true,"href":"https:\/\/www.yaxcloud.net\/index.php\/wp-json\/wp\/v2\/comments?post=519"}],"wp:featuredmedia":[{"embeddable":true,"href":"https:\/\/www.yaxcloud.net\/index.php\/wp-json\/wp\/v2\/media\/3418"}],"wp:attachment":[{"href":"https:\/\/www.yaxcloud.net\/index.php\/wp-json\/wp\/v2\/media?parent=519"}],"wp:term":[{"taxonomy":"product_brand","embeddable":true,"href":"https:\/\/www.yaxcloud.net\/index.php\/wp-json\/wp\/v2\/product_brand?post=519"},{"taxonomy":"product_cat","embeddable":true,"href":"https:\/\/www.yaxcloud.net\/index.php\/wp-json\/wp\/v2\/product_cat?post=519"},{"taxonomy":"product_tag","embeddable":true,"href":"https:\/\/www.yaxcloud.net\/index.php\/wp-json\/wp\/v2\/product_tag?post=519"}],"curies":[{"name":"wp","href":"https:\/\/api.w.org\/{rel}","templated":true}]}}